3
-111111 (base 3) to base 2
-101101100
What is 3 (base 9) in base 14?
3
Convert 7 (base 14) to base 13.
7
101100 (base 2) to base 4
230
Convert -21 (base 5) to base 4.
-23
Convert 25 (base 6) to base 14.
13
-9 (base 13) to base 8
-11
-26 (base 12) to base 4
-132
Convert 6 (base 8) to base 9.
6
Convert 0 (base 16) to base 10.
0
What is -213 (base 5) in base 14?
-42
7 (base 8) to base 13
7
Convert a (base 13) to base 14.
a
What is 1 (base 14) in base 5?
1
115 (base 8) to base 9
85
Convert 304 (base 10) to base 8.
460
What is -29 (base 13) in base 2?
-100011
What is -423 (base 5) in base 16?
-71
0 (base 8) to base 11
0
What is -2 (base 6) in base 14?
-2
What is -3 (base 7) in base 5?
-3
What is -34 (base 7) in base 12?
-21
What is 1101010 (base 2) in base 15?
71
21 (base 4) to base 12
9
What is -8 (base 15) in base 12?
-8
12 (base 6) to base 12
8
-173 (base 8) to base 3
-11120
2 (base 7) to base 12
2
What is 101001 (base 2) in base 9?
45
2 (base 7) to base 15
2
What is 2 (base 10) in base 13?
2
-303 (base 6) to base 2
-1101111
Convert -25 (base 12) to base 8.
-35
What is -2a4 (base 11) in base 10?
-356
What is 100000 (base 2) in base 7?
44
Convert -112 (base 3) to base 6.
-22
31 (base 8) to base 6
41
-120 (base 3) to base 4
-33
-a (base 11) to base 4
-22
Convert 13 (base 6) to base 14.
9
-10 (base 2) to base 5
-2
What is e9 (base 15) in base 13?
13b
Convert -112 (base 13) to base 4.
-2320
What is -1011110 (base 2) in base 3?
-10111
Convert -5 (base 7) to base 11.
-5
10 (base 7) to base 6
11
What is 1 (base 9) in base 14?
1
Convert 122 (base 3) to base 15.
12
Convert 4 (base 14) to base 9.
4
-15 (base 16) to base 14
-17
Convert 2 (base 9) to base 11.
2
What is 3 (base 11) in base 8?
3
What is 25 (base 9) in base 16?
17
What is 101 (base 2) in base 3?
12
What is 6 (base 11) in base 12?
6
Convert -10 (base 4) to base 3.
-11
-15 (base 7) to base 8
-14
What is -3 (base 9) in base 10?
-3
-42 (base 15) to base 12
-52
22 (base 4) to base 13
a
What is -1 (base 2) in base 4?
-1
Convert -11 (base 6) to base 7.
-10
1 (base 12) to base 7
1
What is -29 (base 15) in base 8?
-47
-36 (base 11) to base 12
-33
Convert 81 (base 10) to base 4.
1101
-30 (base 5) to base 4
-33
Convert 91 (base 14) to base 6.
331
What is -124 (base 10) in base 3?
-11121
Convert 0 (base 7) to base 4.
0
-15 (base 9) to base 10
-14
What is -10000 (base 2) in base 5?
-31
What is -211 (base 9) in base 16?
-ac
-3 (base 5) to base 12
-3
Convert -26 (base 7) to base 13.
-17
What is 12 (base 4) in base 11?
6
-43 (base 5) to base 14
-19
15 (base 6) to base 12
b
Convert -42 (base 10) to base 6.
-110
Convert 3123 (base 4) to base 10.
219
What is 2 (base 16) in base 14?
2
9 (base 14) to base 13
9
Convert 4 (base 5) to base 15.
4
Convert -13 (base 6) to base 10.
-9
-1 (base 9) to base 14
-1
What is 55 (base 11) in base 16?
3c
Convert -1 (base 15) to base 12.
-1
15 (base 6) to base 2
1011
What is 3 (base 12) in base 3?
10
Convert 101 (base 2) to base 13.
5
5 (base 7) to base 12
5
56 (base 10) to base 13
44
What is 4b (base 16) in base 15?
50
1133 (base 4) to base 10
95
What is -5a (base 14) in base 11?
-73
Convert -2 (base 15) to base 16.
-2
Convert -10101 (base 2) to base 7.
-30
129 (base 11) to base 7
305
Convert 1001 (base 2) to base 5.
14
What is -220 (base 9) in base 16?
-b4
-1 (base 14) to base 12
-1
Convert -245 (base 6) to base 4.
-1211
Convert -2 (base 14) to base 9.
-2
-2 (base 11) to base 9
-2
Convert 3a (base 16) to base 12.
4a
Convert -56 (base 14) to base 3.
-2211
What is 0 (base 3) in base 6?
0
-2 (base 4) to base 9
-2
-322 (base 4) to base 16
-3a
-8b (base 12) to base 2
-1101011
201 (base 4) to base 12
29
-4 (base 8) to base 14
-4
Convert 1 (base 5) to base 10.
1
2 (base 7) to base 12
2
Convert 12 (base 6) to base 13.
8
Convert 113 (base 5) to base 8.
41
260 (base 11) to base 8
464
-4 (base 10) to base 16
-4
1 (base 8) to base 4
1
Convert -1224 (base 6) to base 12.
-214
Convert -1100 (base 2) to base 14.
-c
-1 (base 3) to base 7
-1
Convert -22 (base 6) to base 2.
-1110
What is 2 (base 7) in base 15?
2
What is 1000011 (base 2) in base 7?
124
What is 10 (base 7) in base 8?
7
1 (base 15) to base 16
1
-4 (base 13) to base 3
-11
What is -2 (base 14) in base 12?
-2
-22111 (base 3) to base 15
-104
What is 2 (base 10) in base 4?
2
124 (base 5) to base 6
103
Convert -a (base 13) to base 9.
-11
244 (base 9) to base 10
202
-8a (base 16) to base 5
-1023
-2 (base 13) to base 2
-10
-61 (base 9) to base 12
-47
-4 (base 13) to base 15
-4
What is -31 (base 5) in base 12?
-14
Convert -32 (base 9) to base 7.
-41
1 (base 12) to base 14
1
Convert 10203 (base 4) to base 13.
195
Convert -2022 (base 3) to base 11.
-57
120 (base 4) to base 15
19
What is 3e (base 16) in base 7?
116
What is -44 (base 5) in base 9?
-26
27 (base 15) to base 4
211
What is -39 (base 11) in base 7?
-60
What is 2 (base 11) in base 7?
2
What is -4 (base 6) in base 11?
-4
What is -12 (base 5) in base 8?
-7
-3 (base 13) to base 3
-10
-111 (base 3) to base 8
-15
301 (base 4) to base 13
3a
Convert -442 (base 5) to base 6.
-322
Convert 1a1 (base 11) to base 6.
1024
Convert 3d (base 14) to base 16.
37
Convert 162 (base 9) to base 3.
12002
Convert 0 (base 4) to base 5.
0
Convert 11 (base 5) to base 11.
6
Convert -312 (base 4) to base 14.
-3c
What is -1 (base 8) in base 16?
-1
-c (base 13) to base 9
-13
What is 21111 (base 3) in base 11?
174
3 (base 4) to base 10
3
What is -101000011 (base 2) in base 9?
-388
137 (base 11) to base 2
10100001
Convert 11 (base 2) to base 12.
3
Convert -7a (base 13) to base 15.
-6b
What is -13 (base 8) in base 2?
-1011
Convert 11 (base 2) to base 10.
3
6 (base 11) to base 8
6
What is -36 (base 13) in base 4?
-231
Convert -21 (base 13) to base 9.
-30
What is 1 (base 2) in base 7?
1
222 (base 4) to base 8
52
Convert -6 (base 7) to base 13.
-6
What is -7 (base 16) in base 13?
-7
2b (base 16) to base 3
1121
What is 1001000 (base 2) in base 3?
2200
What is -30 (base 7) in base 13?
-18
-1 (base 16) to base 7
-1
What is -10 (base 3) in base 5?
-3
1042 (base 6) to base 15
112
3c (base 15) to base 4
321
-8 (base 10) to base 15
-8
Convert a7 (base 12) to base 13.
9a
Convert a (base 16) to base 4.
22
-2 (base 14) to base 3
-2
What is -5 (base 12) in base 2?
-101
14 (base 10) to base 8
16
123 (base 5) to base 8
46
Convert -26 (base 7) to base 9.
-22
Convert 1 (base 10) to base 4.
1
What is 5c (base 13) in base 16?
4d
Convert 2201 (base 5) to base 2.
100101101
-21 (base 5) to base 10
-11
Convert 12 (base 3) to base 5.
10
Convert -11100 (base 3) to base 7.
-225
What is -31 (base 8) in base 15?
-1a
What is -111 (base 2) in base 6?
-11
What is 36 (base 15) in base 6?
123
What is -102 (base 4) in base 12?
-16
Convert 10 (base 4) to base 2.
100
What is 334 (base 9) in base 11?
22a
What is 2 (base 14) in base 11?
2
-d (base 16) to base 2
-1101
What is -1 (base 5) in base 13?
-1
Convert 4 (base 16) to base 8.
4
-2 (base 13) to base 3
-2
What is -4 (base 6) in base 7?
-4
What is -1 (base 8) in base 5?
-1
-111 (base 4) to base 7
-30
What is -12 (base 3) in base 4?
-11
57 (base 12) to base 15
47
56 (base 9) to base 5
201
30 (base 7) to base 14
17
What is -84 (base 10) in base 14?
-60
Convert -13 (base 7) to base 15.
-a
What is -2003 (base 4) in base 10?
-131
What is 4 (base 14) in base 10?
4
2 (base 15) to base 16
2
-13 (base 12) to base 8
-17
6 (base 12) to base 9
6
Convert -1 (base 9) to base 5.
-1
12 (base 9) to base 3
102
45 (base 11) to base 9
54
-56 (base 7) to base 8
-51
1 (base 16) to base 6
1
Convert 6 (base 9) to base 5.
11
Convert -11111 (base 2) to base 9.
-34
What is 11 (base 2) in base 7?
3
Convert -41 (base 14) to base 8.
-71
What is -1 (base 5) in base 13?
-1
-2 (base 9) to base 13
-2
Convert -85 (base 13) to base 4.
-1231
Convert 0 (base 9) to base 13.
0
Convert 31 (base 12) to base 5.
122
34 (base 16) to base 6
124
Convert -1 (base 14) to base 15.
-1
10022 (base 3) to base 11
81
Convert 51 (base 13) to base 14.
4a
Convert -17 (base 8) to base 15.
-10
What is 12 (base 12) in base 16?
e
0 (base 13) to base 15
0
Convert -5 (base 16) to base 11.
-5
-3 (base 11) to base 13
-3
What is -2 (base 8) in base 12?
-2
-101 (base 3) to base 8
-12
What is 7 (base 8) in base 4?
13
What is -d (base 15) in base 10?
-13
-1 (base 15